{"id":489,"date":"2020-09-15T10:38:58","date_gmt":"2020-09-15T08:38:58","guid":{"rendered":"https:\/\/mari-jokinen.com\/info\/?page_id=489"},"modified":"2020-11-22T16:15:20","modified_gmt":"2020-11-22T15:15:20","slug":"meine-haltung","status":"publish","type":"page","link":"https:\/\/mari-jokinen.com\/info\/meine-haltung\/","title":{"rendered":""},"content":{"rendered":"<h4><strong><span style=\"color: #000000;\">Ich sehe den Menschen als ein ganzheitliches Wesen<\/span><\/strong><\/h4>\n<p><span style=\"color: #000000;\">Mit all seinen \u201eMacken\u201c und &#8222;Liebensw\u00fcrdigkeiten&#8220;. Und mit seiner ganz eigenen Sichtweise auf die Welt.\u00a0<\/span>Das hei\u00dft: Ich schaue auf den ganzen Menschen \u2013 und auf die Systeme und Situationen, in denen sich seine ganz individuellen Fragestellungen besonders zeigen. Und ich schaue darauf, wie er sich in seiner Welt bewegt und wo er immer wieder auf Hindernisse st\u00f6\u00dft.<\/p>\n<h4><strong><span style=\"color: #000000;\">Ich glaube an echte Begegnungen auf Augenh\u00f6he<\/span><\/strong><\/h4>\n<p>Auch aus eigener Erfahrung bin ich absolut davon \u00fcberzeugt, dass nicht nur die Frage, sondern auch die Antwort auf unsere Fragen und \u201eProbleme\u201c in uns selbst steckt. Wir m\u00fcssen sie nicht suchen, nur finden. Und manchmal tut uns eine erfahrene Begleitung dabei gut.<\/p>\n<figure id=\"attachment_1397\" aria-describedby=\"caption-attachment-1397\" style=\"width: 1024px\" class=\"wp-caption alignnone\"><img loading=\"lazy\" class=\"wp-image-1397 size-full\" src=\"https:\/\/mari-jokinen.com\/info\/wp-content\/uploads\/2020\/10\/DH_Scubshake_C_w.jpg\" alt=\"Foto: Stefan Nowak\" width=\"1024\" height=\"576\" srcset=\"https:\/\/mari-jokinen.com\/info\/wp-content\/uploads\/2020\/10\/DH_Scubshake_C_w.jpg 1024w, https:\/\/mari-jokinen.com\/info\/wp-content\/uploads\/2020\/10\/DH_Scubshake_C_w-300x169.jpg 300w, https:\/\/mari-jokinen.com\/info\/wp-content\/uploads\/2020\/10\/DH_Scubshake_C_w-768x432.jpg 768w\" sizes=\"(max-width: 767px) 89vw, (max-width: 1000px) 54vw, (max-width: 1071px) 543px, 580px\" \/><figcaption id=\"caption-attachment-1397\" class=\"wp-caption-text\">Foto: Stefan Nowak<\/figcaption><\/figure>\n<h4><span style=\"color: #000000;\"><strong>Ich sehe meine Klienten als gesunde Menschen an<\/strong><\/span><\/h4>\n<p>die gerade einfach ein bestimmtes, schwieriges Thema zu bew\u00e4ltigen haben, wie z. B. Trennung, \u00c4ngste, Unsicherheiten. Menschen mit W\u00fcnschen und Sehns\u00fcchten vom Neuanfang, nach mehr Lebensqualit\u00e4t.<\/p>\n<h4><span style=\"color: #000000;\"><strong>Nicht mehr als n\u00f6tig<\/strong><\/span><\/h4>\n<p>Ich sehe mich als Begleiter und Unterst\u00fctzer in Zeiten, wo unsere &#8222;\u00fcblichen&#8220; Mittel und Rezepte nicht mehr greifen.<\/p>\n<p>Darum freue ich mich sehr, wenn Sie nach einer Zeit keine Begleitung mehr brauchen und statt dessen mit einem gut ausgestatteten &#8222;Werkzeugkoffer&#8220; einen guten Zugang zu Ihren eigenen Ressourcen gewonnen haben!<\/p>\n<p><span style=\"color: #000000;\">Ich freue mich darauf, Sie ein St\u00fcck Ihres Weges zu sich selbst und zu mehr Selbstbestimmung zu begleiten.<\/span><\/p>\n<p><a href=\"https:\/\/mari-jokinen.com\/info\/kontaktformular\" target=\"_blank\" rel=\"noopener noreferrer\"><span style=\"color: #000000;\"><strong>Hier geht es zur Anfrage \/ Anmeldung<\/strong><\/span><\/a><\/p>\n","protected":false},"excerpt":{"rendered":"<p>Ich sehe den Menschen als ein ganzheitliches Wesen Mit all seinen \u201eMacken\u201c und &#8222;Liebensw\u00fcrdigkeiten&#8220;. Und mit seiner ganz eigenen Sichtweise auf die Welt.\u00a0Das hei\u00dft: Ich schaue auf den ganzen Menschen \u2013 und auf die Systeme und Situationen, in denen sich seine ganz individuellen Fragestellungen besonders zeigen. Und ich schaue darauf, wie er sich in seiner &hellip; <\/p>\n<p class=\"link-more\"><a href=\"https:\/\/mari-jokinen.com\/info\/meine-haltung\/\" class=\"more-link\"><span class=\"screen-reader-text\">\u201e\u201c<\/span> weiterlesen<\/a><\/p>\n","protected":false},"author":2,"featured_media":0,"parent":0,"menu_order":0,"comment_status":"closed","ping_status":"closed","template":"","meta":[],"_links":{"self":[{"href":"https:\/\/mari-jokinen.com\/info\/wp-json\/wp\/v2\/pages\/489"}],"collection":[{"href":"https:\/\/mari-jokinen.com\/info\/wp-json\/wp\/v2\/pages"}],"about":[{"href":"https:\/\/mari-jokinen.com\/info\/wp-json\/wp\/v2\/types\/page"}],"author":[{"embeddable":true,"href":"https:\/\/mari-jokinen.com\/info\/wp-json\/wp\/v2\/users\/2"}],"replies":[{"embeddable":true,"href":"https:\/\/mari-jokinen.com\/info\/wp-json\/wp\/v2\/comments?post=489"}],"version-history":[{"count":33,"href":"https:\/\/mari-jokinen.com\/info\/wp-json\/wp\/v2\/pages\/489\/revisions"}],"predecessor-version":[{"id":1829,"href":"https:\/\/mari-jokinen.com\/info\/wp-json\/wp\/v2\/pages\/489\/revisions\/1829"}],"wp:attachment":[{"href":"https:\/\/mari-jokinen.com\/info\/wp-json\/wp\/v2\/media?parent=489"}],"curies":[{"name":"wp","href":"https:\/\/api.w.org\/{rel}","templated":true}]}}