{"id":1735,"date":"2020-11-16T10:27:12","date_gmt":"2020-11-16T09:27:12","guid":{"rendered":"https:\/\/mari-jokinen.com\/info\/?page_id=1735"},"modified":"2020-11-22T15:00:23","modified_gmt":"2020-11-22T14:00:23","slug":"anfahrt","status":"publish","type":"page","link":"https:\/\/mari-jokinen.com\/info\/anfahrt\/","title":{"rendered":"Anfahrt"},"content":{"rendered":"<h4><strong>Meine Praxisr\u00e4ume<\/strong><\/h4>\n<p>befinden sich in K\u00f6ln Niehl, bequem mit der Stra\u00dfenbahn zu erreichen. \u00a0In 3 Minuten sind Sie zu Fu\u00df von der Haltestelle Niehl (Linie 12) da. Wer sich gern ca. 15 Minuten bewegen m\u00f6chte, kann auch die Linie 16 bis zur Haltestelle Sebastianstrasse nehmen. Es sind auch gen\u00fcgend kostenfreie Parkpl\u00e4tze f\u00fcr Auto (und nat\u00fcrlich Fahrrad) vorhanden.<\/p>\n<p><a href=\"https:\/\/goo.gl\/maps\/4wzwVgQ7rezRtGS76\" target=\"_blank\" rel=\"noopener noreferrer\"><strong>Pastor-Wolff-Strasse 23<\/strong><\/a><\/p>\n<p><a href=\"https:\/\/goo.gl\/maps\/4wzwVgQ7rezRtGS76\" target=\"_blank\" rel=\"noopener noreferrer\"><strong>53735 K\u00f6ln\u00a0 \u2013 N<\/strong><b>iehl<\/b><\/a><\/p>\n<h4><strong>Meine Coaching- und B\u00fcror\u00e4ume\u00a0<\/strong><\/h4>\n<p>befinden sich in K\u00f6ln S\u00fcrth, mit Stra\u00dfenbahn und Bus (Linie 16 und Buslinien 131 und 134) zu erreichen. Kostenfreie Parkpl\u00e4tze f\u00fcr Auto und Fahrrad sind vorhanden.<\/p>\n<p><a href=\"https:\/\/goo.gl\/maps\/1psp47n22z1NdtzRA\" target=\"_blank\" rel=\"noopener noreferrer\"><strong>M\u00fchlengasse 1<\/strong><\/a><\/p>\n<p><a href=\"https:\/\/goo.gl\/maps\/1psp47n22z1NdtzRA\" target=\"_blank\" rel=\"noopener noreferrer\"><strong>50999 K\u00f6ln\u00a0 \u2013 S\u00fcrth<\/strong><\/a><\/p>\n","protected":false},"excerpt":{"rendered":"<p>Meine Praxisr\u00e4ume befinden sich in K\u00f6ln Niehl, bequem mit der Stra\u00dfenbahn zu erreichen. \u00a0In 3 Minuten sind Sie zu Fu\u00df von der Haltestelle Niehl (Linie 12) da. Wer sich gern ca. 15 Minuten bewegen m\u00f6chte, kann auch die Linie 16 bis zur Haltestelle Sebastianstrasse nehmen. Es sind auch gen\u00fcgend kostenfreie Parkpl\u00e4tze f\u00fcr Auto (und nat\u00fcrlich &hellip; <\/p>\n<p class=\"link-more\"><a href=\"https:\/\/mari-jokinen.com\/info\/anfahrt\/\" class=\"more-link\"><span class=\"screen-reader-text\">\u201eAnfahrt\u201c<\/span> weiterlesen<\/a><\/p>\n","protected":false},"author":1,"featured_media":0,"parent":0,"menu_order":0,"comment_status":"closed","ping_status":"closed","template":"","meta":[],"_links":{"self":[{"href":"https:\/\/mari-jokinen.com\/info\/wp-json\/wp\/v2\/pages\/1735"}],"collection":[{"href":"https:\/\/mari-jokinen.com\/info\/wp-json\/wp\/v2\/pages"}],"about":[{"href":"https:\/\/mari-jokinen.com\/info\/wp-json\/wp\/v2\/types\/page"}],"author":[{"embeddable":true,"href":"https:\/\/mari-jokinen.com\/info\/wp-json\/wp\/v2\/users\/1"}],"replies":[{"embeddable":true,"href":"https:\/\/mari-jokinen.com\/info\/wp-json\/wp\/v2\/comments?post=1735"}],"version-history":[{"count":2,"href":"https:\/\/mari-jokinen.com\/info\/wp-json\/wp\/v2\/pages\/1735\/revisions"}],"predecessor-version":[{"id":1814,"href":"https:\/\/mari-jokinen.com\/info\/wp-json\/wp\/v2\/pages\/1735\/revisions\/1814"}],"wp:attachment":[{"href":"https:\/\/mari-jokinen.com\/info\/wp-json\/wp\/v2\/media?parent=1735"}],"curies":[{"name":"wp","href":"https:\/\/api.w.org\/{rel}","templated":true}]}}